vided by f.
8
Suppose 3*q - 193 = -4*d, 0 = -4*d - 5*q + 231 - 40. Let x(g) = 2*g**2 - 2*g - 2. Suppose 6 = -0*w + 2*w. What is the remainder when d is divided by x(w)?
9
Let c = 10 + -7. Suppose -c*o - 39 = -4*d, -3*d - 5*o - 1 = d. Let g(r) = 363*r - 8328. What is the remainder when g(23) is divided by d?
3
Let i be -2*(-1)/(2 - 1). Let r = 7 - i. What is the remainder when ((-13)/(-4))/(-13) - 33/(-4) is divided by r?
3
Suppose 0 = 21*b - 25*b + 432. What is the remainder when 204 is divided by b?
96
Suppose 2*a + 34 = -5*j + 83, 0 = -4*j - a + 41. Calculate the remainder when 1594 is divided by j.
10
Let w(g) = 0*g - 12 - 7*g + 11*g - g. Calculate the remainder when w(14) is divided by 11.
8
Suppose 0 = 7*i + 66 - 752. Suppose 28 - i = -5*h. Calculate the remainder when 54 is divided by h.
12
Suppose -5*w = 3*k - 59, 0 = -3*k - w + 5*w + 50. Suppose -2*m - 4*x = -40, -3*m + 52 = -x + 3*x. Calculate the remainder when k is divided by m.
2
Suppose 120*s - 139*s = -114. Calculate the remainder when s is divided by (6/9)/((-2)/(-6)).
0
Let r(x) = 5*x + 69. Calculate the remainder when r(16) is divided by 80.
69
Suppose 7 - 423 = 4*m + 4*i, -3*m + 5*i = 304. Let a = m + 132. Calculate the remainder when a is divided by 15.
14
Suppose j = -3*h + 8*h + 513, 0 = 4*j - h - 2071. What is the remainder when j is divided by 29?
25
Let t be 48/20*(135/6 + 0). Let i = -6 + t. What is the remainder when i is divided by 22?
4
Let c(b) = 4*b**2 - 7*b + 4. Let z be c(2). Suppose 0 = -2*y + z + 18. Calculate the remainder when 47 is divided by y.
11
Suppose -113 + 85 = -2*k + 2*b, -k - 2*b = -26. Calculate the remainder when 60 is divided by k.
6
Let i = 766 - 717. Calculate the remainder when 117 is divided by i.
19
Let y = 45 - 22. Let h = 36 - y. What is the remainder when 49 is divided by h?
10
Suppose -5*u - 73 = 112. Let v = u - -50. What is the remainder when v is divided by 7?
6
Let l(q) = q**2 - 8*q + 9. Let a be l(7). Suppose -a*s - 18 = -4*s. What is the remainder when 24 is divided by s?
6
Suppose 2*s + 3*w = 110, -9*s + 5*w = -5*s - 242. What is the remainder when 112 is divided by s?
54
Suppose 4*x = -2*s + 4, 4*s - 5*x = -3*x - 12. Calculate the remainder when 34 is divided by 32/(-12)*9/s.
10
Let w = 9 - 9. Suppose -h + w*h = 0. Suppose h = -4*n - 0*n + 8. Calculate the remainder when 4 is divided by n.
0
Suppose 0*r + 5*r = 15. Let q(m) = -m**2 + 3*m + 3. Suppose 2*v - 7*v = -15. Calculate the remainder when q(v) is divided by r.
0
Let o be 1/3 - 11/(-3). Suppose o*n + s - 143 = 0, n - 29 = -0*n + 2*s. Let l = 16 + n. Calculate the remainder when l is divided by 13.
12
Suppose 6*z - j = 3*z + 83, 2 = -j. Calculate the remainder when 159 is divided by z.
24
Suppose 38*g - 41*g + 33 = 0. Calculate the remainder when g is divided by 4.
3
What is the remainder when (-186)/93*(-1)/((-2)/(-68)) is divided by 30?
8
Let z(i) be the third derivative of i**6/120 + i**5/15 - i**4/24 - 7*i**3/6 + 6*i**2. Calculate the remainder when z(3) is divided by 28.
25
Suppose l = 4*z + 9, -24 = -0*l - 4*l + 4*z. Suppose 0 = -l*x - 5*b + 140, x = 2*b + 39 - 14. What is the remainder when x is divided by 15?
12
Let d(j) = 22*j**2 - 119*j - 5. What is the remainder when 114 is divided by d(6)?
41
Let w(q) = -q**3 + q**2 + 48*q - 71. Let g(o) = 17*o**3 + 3*o**2 - 2*o + 1. Calculate the remainder when g(2) is divided by w(6).
34
Suppose 36*w - 20*w - 2160 = 0. Calculate the remainder when w is divided by 17.
16
Let u(b) = b**3 - b**2 + 3. Let v be u(0). Suppose -4*w = -w - v*t + 237, -2*w - 3*t = 138. Calculate the remainder when 26 is divided by w/(-11) + 2/11.
5
Suppose 0 = -k + 6*k + 5*h - 990, 3*k - 2*h - 614 = 0. What is the remainder when k is divided by 60?
22
Suppose -3*f = -4*k - 130, -4*f - k + 105 = -2*f. Calculate the remainder when 198 is divided by f.
48
Let h be -50*(4 - 45/10). Suppose i + 0*i + 15 = s, 0 = -2*s + 3*i + h. What is the remainder when 54 is divided by s?
14
Let m(v) be the first derivative of v**3/3 - v**2/2 - 4*v + 1. Suppose -6*w = -w - l - 44, 2*l + 25 = 3*w. Calculate the remainder when m(6) is divided by w.
8
Suppose -51 = 5*x + 74. Let s = 31 + x. What is the remainder when s is divided by ((-4)/6)/(8/(-36))?
0
Suppose 6*y - 25*y + 285 = 0. Calculate the remainder when 671 is divided by y.
11
Let o = 90 + -75. What is the remainder when 74 is divided by o?
14
Let d(l) = -180*l - 24. Calculate the remainder when d(-4) is divided by 17.
16
Suppose -9*j = 6 - 150. What is the remainder when 30 is divided by j?
14
Suppose 4*w = 5*m - 426, 2*w = 5*m - 0*m - 418. What is the remainder when m is divided by 8?
2
Let n(u) = 53*u + 20. What is the remainder when n(2) is divided by 44?
38
Let v = -374 - -650. Calculate the remainder when v is divided by 40.
36
Let f be -57*2*5/(-30). Suppose x = -3*b + 4*b - f, 5*b - 3*x = 87. What is the remainder when b is divided by 9?
6
Suppose 989 = 19*f - 18. Suppose m = 0, 2*p - 22 = 2*m - 0. Calculate the remainder when f is divided by p.
9
Suppose 97 + 11 = 3*x. Suppose -2*s + 0 = -x. Let l = 168 + -99. What is the remainder when l is divided by s?
15
Let q be 48/(-18)*33/(-2). Suppose -9*f + q + 55 = 0. What is the remainder when (-65)/(-3) + 4/(-6) is divided by f?
10
Suppose 4*l - 5 = 3. Let i be l - 5 - (-12)/2. Suppose -s - 4*s - i*q + 59 = 0, -2*q = -2*s + 14. Calculate the remainder when 29 is divided by s.
9
Suppose -8*h = 2*c - 176, 83 = 2*c + 2*h - 81. What is the remainder when c is divided by 62?
18
Let k(s) = s**2 - 4*s + 14. Let d be k(7). Suppose 2*z - d = 25. What is the remainder when 57 is divided by z?
27
Calculate the remainder when (-4 + 8)*69 - 2/(-2) is divided by 71.
64
Let a(r) = r**3 - 4*r**2 + 3*r - 38. What is the remainder when a(8) is divided by 63?
53
What is the remainder when 1111 is divided by (1674/(-12))/((-24)/16)?
88
Let w(h) = 2*h**2 - 27*h + 61. Calculate the remainder when 198 is divided by w(12).
23
Let n = 1219 - 531. What is the remainder when n is divided by 69?
67
Suppose 0 = 2*o + 3*o - 15. Suppose 2*s + 84 = o*s. Calculate the remainder when s is divided by 29.
26
Let y(v) = -v - 3. Let g = -9 + 1. Let b be y(g). Suppose z + 71 = b*h - z, 3*z = -h + 21. Calculate the remainder when 54 is divided by h.
9
Let k(s) = 3*s**3 + 18*s**2 + 3*s + 3. Calculate the remainder when k(4) is divided by 16.
15
What is the remainder when (146/219)/(4/834) is divided by 66?
7
Let t(y) = 43*y + 6. Let d(z) = 42*z + 7. Let a(k) = -3*d(k) + 2*t(k). Calculate the remainder when a(-3) is divided by 16.
15
Suppose 3*o - 541 = -o + 5*u, 0 = 2*o - 3*u - 271. What is the remainder when o is divided by 24?
14
Suppose 0 = -2*z + 5*i + 253, 0 = 3*z - 0*i + 5*i - 442. Calculate the remainder when z is divided by 7.
6
Suppose -2*t - 12 = 2*t - 4*q, 0 = -3*t - 4*q + 26. Calculate the remainder when 5 is divided by t.
1
Suppose -53*b = -57*b + 24. What is the remainder when 12 is divided by b?
0
Suppose -j - 5*k + 13 = -34, -188 = -4*j + 2*k. Let m = -33 + j. Calculate the remainder when 54 is divided by m.
12
Let t(f) = 18*f - 18. Let x be t(2). Let r = x - -5. Calculate the remainder when (14/4 + 2)*12 is divided by r.
20
Let d be (-5)/1*(-1 - 0). Suppose d*a = -3*x + 222, 8*a - 4*a - 152 = 4*x. Calculate the remainder when a is divided by 15.
12
Let z = -212 - -233. Calculate the remainder when 50 is divided by z.
8
Let a(r) = -r**2 - 5*r. Calculate the remainder when ((-312)/(-52))/(4/22) is divided by a(-3).
3
Suppose -g - 4*c = 2, 4*g - 2*c - 7 = 21. Suppose -4*f + 6*z = 7*z - 102, 2*f - 2*z = 56. What is the remainder when f is divided by g?
2
Let s = 362 - 340. Let f be -1*4/3*-3. Suppose 28 = 4*p - 0*l - 2*l, 22 = f*p + l. What is the remainder when s is divided by p?
4
Suppose -3*k - 2*j + 85 = 0, 8*j - 5*j = 6. What is the remainder when k is divided by (-1 - 0/2)*-7?
6
Let v(p) = -74*p. Let o(a) = a. Let n(c) = -6*o(c) + v(c). Calculate the remainder when n(-1) is divided by 13/(-104) + (-169)/(-8).
17
Let o(b) = b**2 - 2*b - 13. Calculate the remainder when o(7) is divided by 8.
6
Suppose -5*i = -4*z - 168, -3*i + 5*i = -z + 75. Let v = i - 59. Let t = -16 - v. Calculate the remainder when 27 is divided by t.
6
Let m(g) = 3*g**2 + 5*g + 16. Let u be m(-7). Let w = u -